*n. Let r be a(n). What are the prime factors of (-50)/(-15)*r*1?
2, 5
List the prime factors of (1 - 607)*2/(-6).
2, 101
Suppose 1 = 2*n - 4*z + 3*z, -z = -5. Suppose 2*c = a + 39, c + 0*c = -n*a + 16. What are the prime factors of c?
19
Let n(y) = -y**2 + y - 2. Let t be n(2). Let h(r) = 5*r + 4. Let x be h(-4). Let i = t - x. List the prime factors of i.
2, 3
Let x be 3*(10/3)/2. Let y(h) = -h**3 + 4*h**2 + 6*h + 7. List the prime factors of y(x).
2, 3
Let a be ((-16)/3)/((-5)/15). List the prime factors of (-2 - (1 - 1)) + a.
2, 7
Let q be 36/21 + (-4)/(-14). Suppose -o + q*o - 36 = 0. Suppose 2*k + 2*k = o. List the prime factors of k.
3
Suppose 51 + 0 = 3*g. What are the prime factors of g?
17
Suppose -16 = -y - 2*z - 7, 3*z = 3*y. What are the prime factors of ((-36)/15)/(y/(-10))?
2
Let a(v) = -6 - 5 + 3*v**2 - 4*v**2 - 10*v. Let d be a(-8). Let u = d - 3. What are the prime factors of u?
2
Let i(q) = -q**3 + 3*q**2 - q + 3. Let j be i(3). Suppose -5*r - 2*h + 7*h + 60 = j, -5*h = 0. Let m = -7 + r. List the prime factors of m.
5
Let r(a) = -a**3 - 11*a**2 - 3*a - 14. What are the prime factors of r(-11)?
19
Let b = 25 + 42. Suppose 0 = -h - 4, b = 4*v - 3*h - 69. What are the prime factors of v?
31
Let f be 2 + 1 + 6/3. Suppose -2*h + 0*i = -2*i + 2, 2*h = f*i - 5. Suppose h = -4*y + 42 - 18. List the prime factors of y.
2, 3
Suppose -4*p + 3*c = -22, p + 0*p + 1 = 4*c. What are the prime factors of p/(-2)*192/(-112)?
2, 3
Let p(x) = -x**3 - 4*x**2 - 2*x + 4. List the prime factors of p(-5).
3, 13
Suppose -12 = -4*b, 2*b = u + u - 80. What are the prime factors of u?
43
Let k be (-1 - 0) + (-5)/(-5). Suppose k*b = 2*b - 44. What are the prime factors of b?
2, 11
Let x = -402 - -749. What are the prime factors of x?
347
Let t(y) = 87*y + 1. List the prime factors of t(1).
2, 11
Suppose -7*c + 2*h = -2*c - 172, 97 = 3*c + 5*h. List the prime factors of c.
2, 17
Suppose o + 3 = 7. Let y be o/(-6) - 8/(-12). Suppose 0 = -y*t - 3*t + 18. List the prime factors of t.
2, 3
Suppose -129 = -3*t + 3*g + 147, -4*g - 274 = -3*t. What are the prime factors of t?
2, 47
Suppose -3*h = -5 - 10. Suppose 0 = -h*q - 4 + 69. List the prime factors of q.
13
Suppose -4*s = 5*o - 112, -3*s + o = 5*o - 84. What are the prime factors of s?
2, 7
List the prime factors of ((-210)/(-9))/((-1)/(-3)).
2, 5, 7
Let q(x) = x**2 - 2. Let v be q(2). Suppose 3*i - 2 = v*i. What are the prime factors of i?
2
Let s(k) = k**2 - 3*k - 2. Let t be s(4). Let n(a) = 6*a + 1. What are the prime factors of n(t)?
13
Suppose -p = -5*s + p + 70, -2*p - 10 = 0. List the prime factors of s.
2, 3
Let a be (-3)/(-6)*-2 - -6. Let z = -1 + a. Suppose 59 - 11 = z*p. What are the prime factors of p?
2, 3
Let l be 9/(-12) - 1/4. What are the prime factors of (-1)/l + (-9)/(-1)?
2, 5
Suppose n + 5*f - 206 = -60, 0 = -2*n - 3*f + 278. List the prime factors of n.
2, 17
Let b = 11 + -7. Suppose 2*k = 4*l + b*k - 24, l - 7 = -k. List the prime factors of 45/l - (1 + -1).
3
Let h(b) = 1 + 2 - 3 + b**2 - 7*b + 3. Suppose 20 = 3*z + j, -j + 22 = 5*z - 12. List the prime factors of h(z).
3
Let h be (-44)/14 - (-3)/21. Let m = h - -5. List the prime factors of m.
2
Let n = 10 + -17. Let c(u) = -u - 1. List the prime factors of c(n).
2, 3
Let q(g) = -14*g + 18. Let z be q(-6). Suppose -3*f + z = 3*f. List the prime factors of f.
17
Let n be 11/9 + 6/(-27). Suppose 2*d + 20 = 4*v, -2*d = 5*v - 2 - 5. Let a = v - n. List the prime factors of a.
2
Let f(q) = 22*q + 6. What are the prime factors of f(5)?
2, 29
Let b = -184 + 288. What are the prime factors of b?
2, 13
Suppose -3*o - 5*l + 1335 = 2*o, 1070 = 4*o + 3*l. List the prime factors of o.
269
Suppose 429 + 523 = 4*v. List the prime factors of v.
2, 7, 17
Let u(b) be the second derivative of b**4/12 + b**3/3 - 3*b**2 + 3*b. What are the prime factors of u(4)?
2, 3
List the prime factors of (540/100)/((-2)/(-20)).
2, 3
Suppose 0 = -3*l - 0*l + 6. Suppose 0 = -4*f + l*o + 6, f - 3*f + 3*o = -1. Suppose 0 = f*i - i - 6. List the prime factors of i.
2, 3
Suppose 0 = -4*u - 6 + 22. Suppose h + 1 = -u. Let f(p) = -p**2 - 6*p + 1. List the prime factors of f(h).
2, 3
Let a = -4 + 7. Suppose 13 = -a*n - 14. Let q(s) = -s**2 - 11*s - 9. List the prime factors of q(n).
3
Suppose 2*j = -2*c + 262, -5*j - 3*c - 123 + 784 = 0. What are the prime factors of j?
2, 67
Suppose -1 = -3*o + b, 5 = 2*b - 7*b. Suppose 3*s - 8 - 25 = o. List the prime factors of s.
11
Let q = 25 - 14. Let h = q - 4. What are the prime factors of h?
7
Let z(h) be the first derivative of -h**3/3 + 5*h**2/2 + 2*h + 1. Let f be z(5). List the prime factors of 3/f - (-3)/6.
2
Let p be (-216)/(-20) + (-1)/(-5). Let l = p - 1. List the prime factors of l.
2, 5
Suppose 0 = -4*o + c - 33, -2*c = c - 15. Let b(k) = -k**3 - 7*k**2 - 2*k + 6. Let g(i) = i + 1. Let x(m) = b(m) + 2*g(m). List the prime factors of x(o).
2
List the prime factors of (-3)/(-1 - (-232)/244).
61
Suppose -u + 6*u = 60. What are the prime factors of u*-1*(-9)/12?
3
Let i = -41 - -198. List the prime factors of i.
157
Suppose 0*a + 315 = 5*a. What are the prime factors of a?
3, 7
Suppose 0 = 3*x - 98 - 112. What are the prime factors of x?
2, 5, 7
Let r be -2 + 4 + -1 + 9. Suppose 5*w + 5*b - r = -0*b, -b - 1 = 0. Suppose u + 3*u = 8, 0 = -w*k + 3*u + 21. List the prime factors of k.
3
Suppose -h - 5*l - 42 = 0, 10 = -h + 4*l - 5. Let j = -17 - h. What are the prime factors of j?
2, 5
Let o(k) = k**2 - 9*k + 3. Let c be o(4). Let q be -2 + 2 - c*1. Let u = q + -8. What are the prime factors of u?
3
Let f be 8/4*11/2. Let p = f - 7. What are the prime factors of p?
2
Suppose -4*c = -7*c + 6. Let b(g) = 8 - 7*g + 0*g**2 - g - g**c. List the prime factors of b(-7).
3, 5
Let w(q) = q**2 - 5*q. Let t be w(6). Let n(v) = 3*v - 5. List the prime factors of n(t).
13
Let n = 34 - 49. Let x = n - -26. List the prime factors of x.
11
Let q = -13 + 27. Let x(i) = q + 2*i**2 - i**2 + 4 + 11*i - 5. What are the prime factors of x(-10)?
3
Let q(k) = 3*k + 7. What are the prime factors of q(7)?
2, 7
Let a(m) = m**3 - 5*m**2 - 5*m - 4. Let u be a(6). Let t(n) be the first derivative of n**4/4 - 2*n**3/3 + 2*n**2 - 2*n + 1. List the prime factors of t(u).
2, 3
Let h = -4 - -7. Suppose k + w + 21 = h*k, 4*k = 5*w + 33. What are the prime factors of k?
2, 3
Let h(d) = -d**3 - 6*d**2 - 3*d - 7. Let t = -13 - -7. List the prime factors of h(t).
11
Let x(g) = g**2 + 5*g**3 - g**3 - g + 1 - 5*g**3. List the prime factors of x(-2).
3, 5
Let n(q) = 2*q - 6. Let i be n(5). Suppose -i*f - 2*h = -h - 87, -f - 4*h + 33 = 0. List the prime factors of f.
3, 7
Let f(i) = -4*i + 4. List the prime factors of f(-3).
2
Let v be (-16)/(-5) - (-1)/(-5). Let g = v + -3. Suppose g = -4*y + y + 36. What are the prime factors of y?
2, 3
Suppose 0*n - 5*n + 20 = 0. What are the prime factors of ((-18)/n)/((-3)/4)?
2, 3
Let d(v) = -v - 3. Let c be d(6). Suppose 3*k + 2*q - 28 = 0, 8*k - 5*q - 5 = 3*k. What are the prime factors of -9*(k/c)/1?
2, 3
Let s = -24 + 45. Let m = 25 - s. What are the prime factors of m?
2
Suppose 3*h - 4 = 2*h. Suppose h*j = j + 57. List the prime factors of j.
19
Suppose -17 = -4*p - 1. Suppose o + o = p. Suppose o*k - 24 = 4. What are the prime factors of k?
2, 7
Let j = -48 - -100. List the prime factors of j.
2, 13
Suppose 3*d + 2*i = 5, 2*d + 3*i = 5*i - 10. List the prime factors of 20/2 - (-3 - d).
2, 3
Suppose 5*f = f + 24. Let l be (3/f)/((-2)/24). What are the prime factors of 4/l*(-18)/4?
3
Let z = -7 + 16. List the prime factors of z.
3
Suppose 5*p = -5*l + 5, -5*l = -3*p - 4*l + 23. Suppose -2*n - 68 = -p*n. List the prime factors of n.
17
Let b be (-2)/(-3) - (-32)/6. Suppose -x + b*x = 15. List the prime factors of x/(1*(-6)/(-14)).
7
What are the prime factors of 18*2/(10/15)?
2, 3
Let m = 176 - 78. List the prime factors of m.
2, 7
Let d be (-19 - 1)/(3 + -5). Suppose 6*x - 12 = 2*x + s, -x - 3*s = d. Suppose 2*n + x*n - 12 = 0. What are the prime factors of n?
3
Suppose -x + 4*r + 58 = -34, 262 = 3*x + 2*r. Suppose 0 = 9*n - 11*n + x. List the prime factors of n.
2, 11
Let h(o) = 3*o**2 + o. Let x be h(-1). Suppose -2*j - x*j = 8. What are the prime factors of 1 + (3 - 2 - j)?
2
Let q = 20 + -26. Let r = 18 + q. What ar